mainder when 124 is divided by 8.
4
Calculate the remainder when 120 is divided by 18.
12
Calculate the remainder when 315 is divided by 30.
15
What is the remainder when 388 is divided by 23?
20
Calculate the remainder when 16363 is divided by 22.
17
What is the remainder when 19800 is divided by 17?
12
What is the remainder when 319 is divided by 113?
93
Calculate the remainder when 476 is divided by 147.
35
Calculate the remainder when 301 is divided by 17.
12
Calculate the remainder when 146 is divided by 16.
2
What is the remainder when 346 is divided by 113?
7
Calculate the remainder when 477 is divided by 16.
13
What is the remainder when 713 is divided by 45?
38
What is the remainder when 527 is divided by 518?
9
Calculate the remainder when 425 is divided by 11.
7
Calculate the remainder when 242 is divided by 61.
59
What is the remainder when 1221 is divided by 399?
24
Calculate the remainder when 622 is divided by 52.
50
What is the remainder when 1455 is divided by 56?
55
Calculate the remainder when 1456 is divided by 18.
16
What is the remainder when 451 is divided by 76?
71
Calculate the remainder when 405 is divided by 207.
198
What is the remainder when 292 is divided by 43?
34
Calculate the remainder when 304 is divided by 7.
3
Calculate the remainder when 187 is divided by 67.
53
Calculate the remainder when 104 is divided by 48.
8
Calculate the remainder when 767 is divided by 164.
111
What is the remainder when 9162 is divided by 3051?
9
Calculate the remainder when 1241 is divided by 69.
68
Calculate the remainder when 2452 is divided by 6.
4
Calculate the remainder when 157 is divided by 90.
67
Calculate the remainder when 62 is divided by 45.
17
What is the remainder when 220 is divided by 28?
24
Calculate the remainder when 2865 is divided by 9.
3
What is the remainder when 7146 is divided by 23?
16
What is the remainder when 3232 is divided by 39?
34
Calculate the remainder when 14 is divided by 4.
2
Calculate the remainder when 919 is divided by 35.
9
Calculate the remainder when 3553 is divided by 153.
34
What is the remainder when 584 is divided by 148?
140
What is the remainder when 34 is divided by 12?
10
Calculate the remainder when 53 is divided by 40.
13
What is the remainder when 4648 is divided by 93?
91
Calculate the remainder when 623 is divided by 26.
25
What is the remainder when 124 is divided by 44?
36
What is the remainder when 148 is divided by 40?
28
What is the remainder when 864 is divided by 34?
14
Calculate the remainder when 234 is divided by 56.
10
What is the remainder when 74 is divided by 19?
17
What is the remainder when 87 is divided by 22?
21
What is the remainder when 1304 is divided by 29?
28
Calculate the remainder when 396 is divided by 21.
18
Calculate the remainder when 619 is divided by 89.
85
Calculate the remainder when 446 is divided by 14.
12
What is the remainder when 530 is divided by 89?
85
Calculate the remainder when 35 is divided by 25.
10
Calculate the remainder when 74 is divided by 7.
4
Calculate the remainder when 142 is divided by 76.
66
What is the remainder when 43 is divided by 5?
3
What is the remainder when 194 is divided by 19?
4
Calculate the remainder when 1604 is divided by 229.
1
Calculate the remainder when 151 is divided by 140.
11
What is the remainder when 85 is divided by 7?
1
Calculate the remainder when 156 is divided by 28.
16
What is the remainder when 481 is divided by 469?
12
Calculate the remainder when 753 is divided by 27.
24
What is the remainder when 678 is divided by 18?
12
Calculate the remainder when 4749 is divided by 176.
173
What is the remainder when 795 is divided by 150?
45
What is the remainder when 238 is divided by 41?
33
Calculate the remainder when 6907 is divided by 198.
175
Calculate the remainder when 84 is divided by 22.
18
What is the remainder when 132 is divided by 78?
54
Calculate the remainder when 33549 is divided by 55.
54
What is the remainder when 122 is divided by 52?
18
What is the remainder when 34 is divided by 15?
4
Calculate the remainder when 50 is divided by 37.
13
What is the remainder when 169 is divided by 45?
34
Calculate the remainder when 852 is divided by 216.
204
Calculate the remainder when 75 is divided by 23.
6
Calculate the remainder when 22486 is divided by 24.
22
Calculate the remainder when 63 is divided by 32.
31
Calculate the remainder when 3308 is divided by 16.
12
What is the remainder when 185 is divided by 31?
30
Calculate the remainder when 411 is divided by 49.
19
What is the remainder when 123 is divided by 49?
25
Calculate the remainder when 445 is divided by 144.
13
What is the remainder when 170 is divided by 22?
16
What is the remainder when 574 is divided by 64?
62
Calculate the remainder when 324 is divided by 137.
50
What is the remainder when 16862 is divided by 31?
29
What is the remainder when 128 is divided by 66?
62
Calculate the remainder when 208 is divided by 24.
16
What is the remainder when 207 is divided by 35?
32
What is the remainder when 1598 is divided by 32?
30
Calculate the remainder when 775 is divided by 68.
27
What is the remainder when 891 is divided by 47?
45
What is the remainder when 124 is divided by 29?
8
Calculate the remainder when 844 is divided by 5.
4
Calculate the remainder when 339 is divided by 10.
9
Calculate the remainder when 164 is divided by 56.
52
Calculate the remainder when 1791 is divided by 26.
23
What is the remainder when 9295 is divided by 17?
13
What is the remainder when 1497 is divided by 422?
231
What is the remainder when 239 is divided by 13?
5
Calculate the remainder when 21958 is divided by 122.
120
What is the remainder when 946 is divided by 890?
56
Calculate the remainder when 520 is divided by 168.
16
What is the remainder when 1345 is divided by 374?
223
Calculate the remainder when 659 is divided by 15.
14
What is the remainder when 477 is divided by 121?
114
Calculate the remainder when 1677 is divided by 41.
37
Calculate the remainder when 1124 is divided by 85.
19
What is the remainder when 1051 is divided by 23?
16
What is the remainder when 585 is divided by 98?
95
What is the remainder when 5759 is divided by 72?
71
What is the remainder when 734 is divided by 75?
59
What is the remainder when 1005 is divided by 63?
60
What is the remainder when 2577 is divided by 2565?
12
Calculate the remainder when 280 is divided by 22.
16
What is the remainder when 102 is divided by 87?
15
Calculate the remainder when 597 is divided by 117.
12
What is the remainder when 282 is divided by 16?
10
Calculate the remainder when 127 is divided by 55.
17
Calculate the remainder when 259 is divided by 37.
0
Calculate the remainder when 3575 is divided by 49.
47
What is the remainder when 291 is divided by 27?
21
Calculate the remainder when 64 is divided by 23.
18
What is the remainder when 1236 is divided by 180?
156
Calculate the remainder when 6836 is divided by 159.
158
What is the remainder when 1114 is divided by 10?
4
Calculate the remainder when 171 is divided by 61.
49
What is the remainder when 637 is divided by 507?
130
Calculate the remainder when 68 is divided by 19.
11
What is the remainder when 343 is divided by 111?
10
Calculate the remainder when 3883 is divided by 67.
64
Calculate the remainder when 36 is divided by 29.
7
Calculate the remainder when 548 is divided by 18.
8
Calculate the remainder when 266 is divided by 67.
65
What is the remainder when 89 is divided by 30?
29
What is the remainder when 589 is divided by 102?
79
Calculate the remainder when 9447 is divided by 126.
123
Calculate the remainder when 29 is divided by 5.
4
Calculate the remainder when 391 is divided by 35.
6
What is the remainder when 531 is divided by 76?
75
What is the remainder when 3497 is divided by 872?
9
What is the remainder when 1888 is divided by 105?
103
Calculate the remainder when 8272 is divided by 192.
16
What is the remainder when 608 is divided by 10?
8
Calculate the remainder when 29 is divided by 28.
1
Calculate the remainder when 225 is divided by 57.
54
Calculate the remainder when 14630 is divided by 118.
116
What is the remainder when 389 is divided by 253?
136
What is the remainder when 216 is divided by 8